{"id":4120,"date":"2016-07-03T17:03:00","date_gmt":"2016-07-03T17:03:00","guid":{"rendered":"https:\/\/idealityroads.com\/?page_id=4120"},"modified":"2020-02-28T12:35:47","modified_gmt":"2020-02-28T12:35:47","slug":"idealityroads-in-noua-zeelanda","status":"publish","type":"page","link":"https:\/\/idealityroads.com\/?page_id=4120&lang=ro","title":{"rendered":"Noua Zeeland\u0103"},"content":{"rendered":"\t\t<div data-elementor-type=\"wp-post\" data-elementor-id=\"4120\" class=\"elementor elementor-4120\" data-elementor-post-type=\"page\">\n\t\t\t\t\t\t<section class=\"elementor-section elementor-top-section elementor-element elementor-element-577f7311 elementor-section-height-min-height elementor-section-content-middle elementor-section-boxed elementor-section-height-default elementor-section-items-middle\" data-id=\"577f7311\" data-element_type=\"section\" data-e-type=\"section\" data-settings=\"{&quot;background_background&quot;:&quot;classic&quot;}\">\n\t\t\t\t\t\t\t<div class=\"elementor-background-overlay\"><\/div>\n\t\t\t\t\t\t\t<div class=\"elementor-container elementor-column-gap-no\">\n\t\t\t\t\t<div class=\"elementor-column elementor-col-100 elementor-top-column elementor-element elementor-element-269dbf00\" data-id=\"269dbf00\" data-element_type=\"column\" data-e-type=\"column\">\n\t\t\t<div class=\"elementor-widget-wrap elementor-element-populated\">\n\t\t\t\t\t\t<div class=\"elementor-element elementor-element-45d7f069 elementor-widget-divider--view-line elementor-widget elementor-widget-divider\" data-id=\"45d7f069\" data-element_type=\"widget\" data-e-type=\"widget\" data-widget_type=\"divider.default\">\n\t\t\t\t<div class=\"elementor-widget-container\">\n\t\t\t\t\t\t\t<div class=\"elementor-divider\">\n\t\t\t<span class=\"elementor-divider-separator\">\n\t\t\t\t\t\t<\/span>\n\t\t<\/div>\n\t\t\t\t\t\t<\/div>\n\t\t\t\t<\/div>\n\t\t\t\t<div class=\"elementor-element elementor-element-6c8a3353 elementor-widget elementor-widget-text-editor\" data-id=\"6c8a3353\" data-element_type=\"widget\" data-e-type=\"widget\" data-widget_type=\"text-editor.default\">\n\t\t\t\t<div class=\"elementor-widget-container\">\n\t\t\t\t\t\t\t\t\t<p><span data-sheets-value=\"{&quot;1&quot;:2,&quot;2&quot;:&quot;Un nou model de inovare pentru Noua Zeeland\u0103&quot;}\" data-sheets-userformat=\"{&quot;2&quot;:14593,&quot;3&quot;:{&quot;1&quot;:0,&quot;3&quot;:1},&quot;11&quot;:4,&quot;14&quot;:[null,2,12582912],&quot;15&quot;:&quot;Calibri&quot;,&quot;16&quot;:11}\">Un nou model de inovare pentru Noua Zeeland\u0103<\/span><\/p>\t\t\t\t\t\t\t\t<\/div>\n\t\t\t\t<\/div>\n\t\t\t\t\t<\/div>\n\t\t<\/div>\n\t\t\t\t\t<\/div>\n\t\t<\/section>\n\t\t\t\t<section class=\"elementor-section elementor-top-section elementor-element elementor-element-f7eeb8e elementor-section-boxed elementor-section-height-default elementor-section-height-default\" data-id=\"f7eeb8e\" data-element_type=\"section\" data-e-type=\"section\">\n\t\t\t\t\t\t<div class=\"elementor-container elementor-column-gap-default\">\n\t\t\t\t\t<div class=\"elementor-column elementor-col-100 elementor-top-column elementor-element elementor-element-4c3a34a4\" data-id=\"4c3a34a4\" data-element_type=\"column\" data-e-type=\"column\">\n\t\t\t<div class=\"elementor-widget-wrap elementor-element-populated\">\n\t\t\t\t\t\t<div class=\"elementor-element elementor-element-4857d6b9 elementor-widget elementor-widget-heading\" data-id=\"4857d6b9\" data-element_type=\"widget\" data-e-type=\"widget\" data-widget_type=\"heading.default\">\n\t\t\t\t<div class=\"elementor-widget-container\">\n\t\t\t\t\t<h2 class=\"elementor-heading-title elementor-size-default\">IdealityRoads creeaz\u0103 programe personalizate care genereaz\u0103 un ecosistem hi-tech local, \u00een func\u021bie de necesit\u0103\u021bile \u0219i circumstan\u021bele clientului. Indiferent dac\u0103 este vorba despre sectorul public sau cel privat, compania analizeaz\u0103 provoc\u0103rile specifice existente \u00een ecosistemul hi-tech al \u021b\u0103rii respective \u0219i elaboreaz\u0103 un plan personalizat care s\u0103 corespund\u0103 factorilor locali de ordin economic, cultural, legal \u0219i de reglementare. Aceast\u0103 aten\u021bie la detalii, pe l\u00e2ng\u0103 informa\u021biile specifice acumulate pe parcursul transform\u0103rii Israelului \u00een lider hi-tech, ne face s\u0103 fim unici.\n\n<br><br>\n\nAceste studii de caz ilustreaz\u0103 modul \u00een care abordarea practic\u0103 a IdealityRoads genereaz\u0103 rezultate tangibile, transformatoare.<\/h2>\t\t\t\t<\/div>\n\t\t\t\t<\/div>\n\t\t\t\t\t<\/div>\n\t\t<\/div>\n\t\t\t\t\t<\/div>\n\t\t<\/section>\n\t\t\t\t<section class=\"elementor-section elementor-top-section elementor-element elementor-element-741ddabc elementor-section-content-middle elementor-section-boxed elementor-section-height-default elementor-section-height-default\" data-id=\"741ddabc\" data-element_type=\"section\" data-e-type=\"section\">\n\t\t\t\t\t\t<div class=\"elementor-container elementor-column-gap-no\">\n\t\t\t\t\t<div class=\"elementor-column elementor-col-100 elementor-top-column elementor-element elementor-element-5c9d4929\" data-id=\"5c9d4929\" data-element_type=\"column\" data-e-type=\"column\">\n\t\t\t<div class=\"elementor-widget-wrap elementor-element-populated\">\n\t\t\t\t\t\t<div class=\"elementor-element elementor-element-6cce7a8e elementor-widget elementor-widget-heading\" data-id=\"6cce7a8e\" data-element_type=\"widget\" data-e-type=\"widget\" data-widget_type=\"heading.default\">\n\t\t\t\t<div class=\"elementor-widget-container\">\n\t\t\t\t\t<h3 class=\"elementor-heading-title elementor-size-default\">Un nou model de inovare pentru Noua Zeeland\u0103<\/h3>\t\t\t\t<\/div>\n\t\t\t\t<\/div>\n\t\t\t\t<div class=\"elementor-element elementor-element-5634c604 elementor-widget elementor-widget-heading\" data-id=\"5634c604\" data-element_type=\"widget\" data-e-type=\"widget\" data-widget_type=\"heading.default\">\n\t\t\t\t<div class=\"elementor-widget-container\">\n\t\t\t\t\t<h3 class=\"elementor-heading-title elementor-size-default\">O vizit\u0103 consultativ\u0103 \u00een Noua Zeeland\u0103 la invita\u021bia guvernului local a fost \u00eenceputul unei rela\u021bii pe termen lung, care a adus rezultate impresionante, \u0219i \u00eenc\u0103 un angajament de opt ani pentru ini\u021biativa incubatorului tehnologic.<\/h3>\t\t\t\t<\/div>\n\t\t\t\t<\/div>\n\t\t\t\t<div class=\"elementor-element elementor-element-5042f7b3 elementor-widget elementor-widget-heading\" data-id=\"5042f7b3\" data-element_type=\"widget\" data-e-type=\"widget\" data-widget_type=\"heading.default\">\n\t\t\t\t<div class=\"elementor-widget-container\">\n\t\t\t\t\t<h3 class=\"elementor-heading-title elementor-size-default\">Ca un pas ini\u021bial c\u0103tre crearea unui ecosistem cuprinz\u0103tor de \u00eenalt\u0103 tehnologie, \u00een 2013 guvernul Noii Zeelande a invitat IdealityRoads \u00eentr-o vizit\u0103 consultativ\u0103. \u00cen cadrul unei vizite ini\u021biale de o s\u0103pt\u0103m\u00e2n\u0103, reprezentan\u021bii companiei s-au \u00eent\u00e2lnit cu mini\u0219tri guvernamentali, universit\u0103\u021bi, fonduri de capital de risc, forumuri economice, huburi tehnologice, antreprenori \u0219i investitori locali, birouri guvernamentale - inclusiv Ministerul \u0218tiin\u021bei \u0219i Inov\u0103rii \u0219i Ministerul Finan\u021belor - \u0219i mai mult, to\u021bi cei interesa\u021bi s\u0103 afle cum Israelul a \u00eenfiin\u021bat o industrie de \u00eenalt\u0103 tehnologie at\u00e2t de reu\u0219it\u0103 \u00eenc\u00e2t este considerat\u0103 a fi a doua cea mai bun\u0103 din lume, dup\u0103 Silicon Valley, din punct de vedere al calit\u0103\u021bii \u0219i dimensiunii.<\/h3>\t\t\t\t<\/div>\n\t\t\t\t<\/div>\n\t\t\t\t<section class=\"elementor-section elementor-inner-section elementor-element elementor-element-59523e44 elementor-section-boxed elementor-section-height-default elementor-section-height-default\" data-id=\"59523e44\" data-element_type=\"section\" data-e-type=\"section\">\n\t\t\t\t\t\t<div class=\"elementor-container elementor-column-gap-wider\">\n\t\t\t\t\t<div class=\"elementor-column elementor-col-100 elementor-inner-column elementor-element elementor-element-765ddb33\" data-id=\"765ddb33\" data-element_type=\"column\" data-e-type=\"column\">\n\t\t\t<div class=\"elementor-widget-wrap elementor-element-populated\">\n\t\t\t\t\t\t<div class=\"elementor-element elementor-element-34ef6ed0 elementor-invisible elementor-widget elementor-widget-icon-box\" data-id=\"34ef6ed0\" data-element_type=\"widget\" data-e-type=\"widget\" data-settings=\"{&quot;_animation&quot;:&quot;fadeInDown&quot;}\" data-widget_type=\"icon-box.default\">\n\t\t\t\t<div class=\"elementor-widget-container\">\n\t\t\t\t\t\t\t<div class=\"elementor-icon-box-wrapper\">\n\n\t\t\t\n\t\t\t\t\t\t<div class=\"elementor-icon-box-content\">\n\n\t\t\t\t\t\t\t\t\t<h3 class=\"elementor-icon-box-title\">\n\t\t\t\t\t\t<span  >\n\t\t\t\t\t\t\tNoi punem bazele\t\t\t\t\t\t<\/span>\n\t\t\t\t\t<\/h3>\n\t\t\t\t\n\t\t\t\t\t\t\t\t\t<p class=\"elementor-icon-box-description\">\n\t\t\t\t\t\tMisiunea era s\u0103 consiliem Noua Zeeland\u0103 pentru a replica succesul Israelului, cu ajust\u0103rile corespunz\u0103toare \u021bin\u00e2nd cont de elementele locale culturale, de reglementare, legale \u0219i de alt\u0103 natur\u0103. Pentru asigurarea unei baze solide a noului ecosistem, IdealityRoads \u0219i-a dedicat primul an de opera\u021biuni \u00een Noua Zeeland\u0103 dezvolt\u0103rii cuno\u0219tin\u021belor \u0219i aptitudinilor administrative de care avea nevoie guvernul pentru un parteneriat public-privat de succes.\t\t\t\t\t<\/p>\n\t\t\t\t\n\t\t\t<\/div>\n\t\t\t\n\t\t<\/div>\n\t\t\t\t\t\t<\/div>\n\t\t\t\t<\/div>\n\t\t\t\t<div class=\"elementor-element elementor-element-32acebbf elementor-invisible elementor-widget elementor-widget-icon-box\" data-id=\"32acebbf\" data-element_type=\"widget\" data-e-type=\"widget\" data-settings=\"{&quot;_animation&quot;:&quot;fadeInDown&quot;}\" data-widget_type=\"icon-box.default\">\n\t\t\t\t<div class=\"elementor-widget-container\">\n\t\t\t\t\t\t\t<div class=\"elementor-icon-box-wrapper\">\n\n\t\t\t\n\t\t\t\t\t\t<div class=\"elementor-icon-box-content\">\n\n\t\t\t\t\t\t\t\t\t<h3 class=\"elementor-icon-box-title\">\n\t\t\t\t\t\t<span  >\n\t\t\t\t\t\t\tServicii complete\t\t\t\t\t\t<\/span>\n\t\t\t\t\t<\/h3>\n\t\t\t\t\n\t\t\t\t\t\t\t\t\t<p class=\"elementor-icon-box-description\">\n\t\t\t\t\t\tIdealityRoads a lucrat de la distan\u021b\u0103 \u0219i local \u0219i a acoperit toate aspectele privind conceperea \u0219i men\u021binerea implic\u0103rii guvernului \u00eentr-un ecosistem hi-tech \u00eenfloritor. Timp de un an de zile, compania a mentorat \u00eendeaproape partenerii din guvernul Noii Zeelande \u00een domenii precum: procese eficiente de management; metodologii unice de gestionare a sistemului de Licita\u021bii Na\u021bionale Dinamice (NDT) pentru incubatorul tehnologic; structuri de guvernan\u021b\u0103 corporativ\u0103; stimulente guvernamentale; \u0219i administrarea de zi cu zi a incubatorului.\n<br><br>\nCa parte a implic\u0103rii sale mai extinse \u00een noua politic\u0103 \u00een materie de inovare, IdealityRoads a oferit de asemenea consiliere Institutului de Cercet\u0103ri Regionale (RRI) din Noua Zeeland\u0103 \u2013 o ini\u021biativ\u0103 creat\u0103 pentru \u00eenfiin\u021barea de huburi de inovare \u00een regiunile periferice ale \u021b\u0103rii, menite s\u0103 conecteze mediul academic cu industria pentru a stimula \u00een mod direct cercetarea de ultim\u0103 genera\u021bie, cu aplicabilitate comercial\u0103 \u0219i utilizare \u00een industrie.\n\n\t\t\t\t\t<\/p>\n\t\t\t\t\n\t\t\t<\/div>\n\t\t\t\n\t\t<\/div>\n\t\t\t\t\t\t<\/div>\n\t\t\t\t<\/div>\n\t\t\t\t<div class=\"elementor-element elementor-element-7001e632 elementor-invisible elementor-widget elementor-widget-icon-box\" data-id=\"7001e632\" data-element_type=\"widget\" data-e-type=\"widget\" data-settings=\"{&quot;_animation&quot;:&quot;fadeInDown&quot;}\" data-widget_type=\"icon-box.default\">\n\t\t\t\t<div class=\"elementor-widget-container\">\n\t\t\t\t\t\t\t<div class=\"elementor-icon-box-wrapper\">\n\n\t\t\t\n\t\t\t\t\t\t<div class=\"elementor-icon-box-content\">\n\n\t\t\t\t\t\t\t\t\t<h3 class=\"elementor-icon-box-title\">\n\t\t\t\t\t\t<span  >\n\t\t\t\t\t\t\tSus\u021binere continu\u0103\t\t\t\t\t\t<\/span>\n\t\t\t\t\t<\/h3>\n\t\t\t\t\n\t\t\t\t\t\t\t\t\t<p class=\"elementor-icon-box-description\">\n\t\t\t\t\t\tDup\u0103 lansarea programului incubatorului tehnologic \u00een 2014, IdealityRoads a men\u021binut un contact permanent cu administrarea incubatorului \u0219i p\u0103r\u021bile interesate, acceler\u00e2nd procesele de \u00eenv\u0103\u021bare relevante \u0219i adapt\u00e2nd proiectul, dup\u0103 caz, pentru a reflecta feedbackul primit de la administrarea incubatorului, antreprenori \u0219i oficiali guvernamentali.\t\t\t\t\t<\/p>\n\t\t\t\t\n\t\t\t<\/div>\n\t\t\t\n\t\t<\/div>\n\t\t\t\t\t\t<\/div>\n\t\t\t\t<\/div>\n\t\t\t\t<div class=\"elementor-element elementor-element-f7fd522 elementor-invisible elementor-widget elementor-widget-icon-box\" data-id=\"f7fd522\" data-element_type=\"widget\" data-e-type=\"widget\" data-settings=\"{&quot;_animation&quot;:&quot;fadeInDown&quot;}\" data-widget_type=\"icon-box.default\">\n\t\t\t\t<div class=\"elementor-widget-container\">\n\t\t\t\t\t\t\t<div class=\"elementor-icon-box-wrapper\">\n\n\t\t\t\n\t\t\t\t\t\t<div class=\"elementor-icon-box-content\">\n\n\t\t\t\t\t\t\t\t\t<h3 class=\"elementor-icon-box-title\">\n\t\t\t\t\t\t<span  >\n\t\t\t\t\t\t\tSuccesul comercial\t\t\t\t\t\t<\/span>\n\t\t\t\t\t<\/h3>\n\t\t\t\t\n\t\t\t\t\t\t\t\t\t<p class=\"elementor-icon-box-description\">\n\t\t\t\t\t\tProgramul pilot de patru ani a adus o contribu\u021bie semnificativ\u0103 ecosistemului tehnologic al \u021b\u0103rii, oferind trei incubatoare complet opera\u021bionale, cu peste 45 de start-up-uri \u0219tiin\u021bifice noi, atr\u0103g\u00e2nd investi\u021bii semnificative \u0219i cre\u00e2nd locuri noi de munc\u0103 de mare valoare \u00een domeniul tehnologic. \t\t\t\t\t<\/p>\n\t\t\t\t\n\t\t\t<\/div>\n\t\t\t\n\t\t<\/div>\n\t\t\t\t\t\t<\/div>\n\t\t\t\t<\/div>\n\t\t\t\t<div class=\"elementor-element elementor-element-9e46857 elementor-invisible elementor-widget elementor-widget-icon-box\" data-id=\"9e46857\" data-element_type=\"widget\" data-e-type=\"widget\" data-settings=\"{&quot;_animation&quot;:&quot;fadeInDown&quot;}\" data-widget_type=\"icon-box.default\">\n\t\t\t\t<div class=\"elementor-widget-container\">\n\t\t\t\t\t\t\t<div class=\"elementor-icon-box-wrapper\">\n\n\t\t\t\n\t\t\t\t\t\t<div class=\"elementor-icon-box-content\">\n\n\t\t\t\t\t\t\t\t\t<h3 class=\"elementor-icon-box-title\">\n\t\t\t\t\t\t<span  >\n\t\t\t\t\t\t\tAngajament re\u00eennoit\t\t\t\t\t\t<\/span>\n\t\t\t\t\t<\/h3>\n\t\t\t\t\n\t\t\t\t\t\t\t\t\t<p class=\"elementor-icon-box-description\">\n\t\t\t\t\t\tAv\u00e2nd \u00een vedere succesul proiectului pilot, guvernul Noii Zeelande investe\u0219te \u00een continuare \u00eentr-un program nou \u0219i \u00eembun\u0103t\u0103\u021bit pentru incubator tehnologic, care va avea o politic\u0103 cu accent puternic pe experien\u021ba de comercializare, accesul la investi\u021bii \u0219i c\u0103i pentru pie\u021bele globale. \n\n<br><br>\nLansarea va fi \u00een 2020, iar aceast\u0103 ini\u021biativ\u0103 se va derula timp de opt ani. Aceasta le va oferi start-up-urilor \u0219tiin\u021bifice accesul la patru incubatoare tehnologice- cu unul \u00een plus fa\u021b\u0103 de proiectul pilot. Societ\u0103\u021bile incubate vor fi eligibile pentru subven\u021bii rambursabile de p\u00e2n\u0103 la 1.000.000$ (750.000$ sub form\u0103 de subven\u021bie guvernamental\u0103, suplimentat de cofinan\u021barea de 250.000$ a incubatorului) \u2013 o cre\u0219tere semnificativ\u0103 de la suma de 600.000$ oferit\u0103 \u00een timpul proiectului pilot. Incubatoarele selectate vor avea \u0219i ele acces la o cofinan\u021bare de 50% pentru cheltuielile opera\u021bionale, de p\u00e2n\u0103 la 1.500.000$ pe an.\t\t\t\t\t<\/p>\n\t\t\t\t\n\t\t\t<\/div>\n\t\t\t\n\t\t<\/div>\n\t\t\t\t\t\t<\/div>\n\t\t\t\t<\/div>\n\t\t\t\t\t<\/div>\n\t\t<\/div>\n\t\t\t\t\t<\/div>\n\t\t<\/section>\n\t\t\t\t\t<\/div>\n\t\t<\/div>\n\t\t\t\t\t<\/div>\n\t\t<\/section>\n\t\t\t\t<\/div>\n\t\t","protected":false},"excerpt":{"rendered":"<p>Un nou model de inovare pentru Noua Zeeland\u0103 IdealityRoads creeaz\u0103 programe personalizate care genereaz\u0103 un ecosistem hi-tech local, \u00een func\u021bie de necesit\u0103\u021bile \u0219i circumstan\u021bele clientului. Indiferent dac\u0103 este vorba despre sectorul public sau cel privat, compania analizeaz\u0103 provoc\u0103rile specifice existente \u00een ecosistemul hi-tech al \u021b\u0103rii&#8230;<\/p>\n","protected":false},"author":5,"featured_media":3635,"parent":0,"menu_order":0,"comment_status":"closed","ping_status":"closed","template":"elementor_header_footer","meta":{"_acf_changed":false,"footnotes":""},"class_list":["post-4120","page","type-page","status-publish","has-post-thumbnail","hentry"],"acf":[],"_links":{"self":[{"href":"https:\/\/idealityroads.com\/index.php?rest_route=\/wp\/v2\/pages\/4120","targetHints":{"allow":["GET"]}}],"collection":[{"href":"https:\/\/idealityroads.com\/index.php?rest_route=\/wp\/v2\/pages"}],"about":[{"href":"https:\/\/idealityroads.com\/index.php?rest_route=\/wp\/v2\/types\/page"}],"author":[{"embeddable":true,"href":"https:\/\/idealityroads.com\/index.php?rest_route=\/wp\/v2\/users\/5"}],"replies":[{"embeddable":true,"href":"https:\/\/idealityroads.com\/index.php?rest_route=%2Fwp%2Fv2%2Fcomments&post=4120"}],"version-history":[{"count":0,"href":"https:\/\/idealityroads.com\/index.php?rest_route=\/wp\/v2\/pages\/4120\/revisions"}],"wp:featuredmedia":[{"embeddable":true,"href":"https:\/\/idealityroads.com\/index.php?rest_route=\/wp\/v2\/media\/3635"}],"wp:attachment":[{"href":"https:\/\/idealityroads.com\/index.php?rest_route=%2Fwp%2Fv2%2Fmedia&parent=4120"}],"curies":[{"name":"wp","href":"https:\/\/api.w.org\/{rel}","templated":true}]}}