{"id":4136,"date":"2016-07-03T17:50:00","date_gmt":"2016-07-03T17:50:00","guid":{"rendered":"https:\/\/idealityroads.com\/?page_id=4136"},"modified":"2019-04-14T18:49:46","modified_gmt":"2019-04-14T18:49:46","slug":"dezvoltarea-de-ecosisteme-inovatoare","status":"publish","type":"page","link":"https:\/\/idealityroads.com\/?page_id=4136&lang=ro","title":{"rendered":"Dezvoltarea de ecosisteme inovatoare"},"content":{"rendered":"\t\t<div data-elementor-type=\"wp-post\" data-elementor-id=\"4136\" class=\"elementor elementor-4136\" data-elementor-post-type=\"page\">\n\t\t\t\t\t\t<section class=\"elementor-section elementor-top-section elementor-element elementor-element-3f923c1c elementor-section-height-min-height elementor-section-content-middle elementor-section-boxed elementor-section-height-default elementor-section-items-middle\" data-id=\"3f923c1c\" data-element_type=\"section\" data-e-type=\"section\" data-settings=\"{&quot;background_background&quot;:&quot;classic&quot;}\">\n\t\t\t\t\t\t\t<div class=\"elementor-background-overlay\"><\/div>\n\t\t\t\t\t\t\t<div class=\"elementor-container elementor-column-gap-no\">\n\t\t\t\t\t<div class=\"elementor-column elementor-col-100 elementor-top-column elementor-element elementor-element-15663252\" data-id=\"15663252\" data-element_type=\"column\" data-e-type=\"column\">\n\t\t\t<div class=\"elementor-widget-wrap elementor-element-populated\">\n\t\t\t\t\t\t<div class=\"elementor-element elementor-element-7759962d elementor-widget-divider--view-line elementor-widget elementor-widget-divider\" data-id=\"7759962d\" data-element_type=\"widget\" data-e-type=\"widget\" data-widget_type=\"divider.default\">\n\t\t\t\t<div class=\"elementor-widget-container\">\n\t\t\t\t\t\t\t<div class=\"elementor-divider\">\n\t\t\t<span class=\"elementor-divider-separator\">\n\t\t\t\t\t\t<\/span>\n\t\t<\/div>\n\t\t\t\t\t\t<\/div>\n\t\t\t\t<\/div>\n\t\t\t\t<div class=\"elementor-element elementor-element-621690b9 elementor-widget elementor-widget-text-editor\" data-id=\"621690b9\" data-element_type=\"widget\" data-e-type=\"widget\" data-widget_type=\"text-editor.default\">\n\t\t\t\t<div class=\"elementor-widget-container\">\n\t\t\t\t\t\t\t\t\t<p>Cre\u0219tere economic\u0103 prin inovare<\/p>\t\t\t\t\t\t\t\t<\/div>\n\t\t\t\t<\/div>\n\t\t\t\t\t<\/div>\n\t\t<\/div>\n\t\t\t\t\t<\/div>\n\t\t<\/section>\n\t\t\t\t<section class=\"elementor-section elementor-top-section elementor-element elementor-element-12760f39 elementor-section-boxed elementor-section-height-default elementor-section-height-default\" data-id=\"12760f39\" data-element_type=\"section\" data-e-type=\"section\">\n\t\t\t\t\t\t<div class=\"elementor-container elementor-column-gap-default\">\n\t\t\t\t\t<div class=\"elementor-column elementor-col-100 elementor-top-column elementor-element elementor-element-1c7e63b7\" data-id=\"1c7e63b7\" data-element_type=\"column\" data-e-type=\"column\">\n\t\t\t<div class=\"elementor-widget-wrap elementor-element-populated\">\n\t\t\t\t\t\t<div class=\"elementor-element elementor-element-6dcde979 elementor-widget elementor-widget-heading\" data-id=\"6dcde979\" data-element_type=\"widget\" data-e-type=\"widget\" data-widget_type=\"heading.default\">\n\t\t\t\t<div class=\"elementor-widget-container\">\n\t\t\t\t\t<h2 class=\"elementor-heading-title elementor-size-default\">\u00cen colaborarea noastr\u0103 cu guverne din \u00eentreaga lume, valorific\u0103m cunoa\u0219terea aprofundat\u0103 a filozofiei, abord\u0103rii \u0219i proceselor de baz\u0103 ce trebuie implementate pentru a crea ecosisteme inovatoare  specifice fiec\u0103rei \u021b\u0103ri, propice inova\u021biilor de tot felul. Aceste ecosisteme sunt aplicabile \u00een toate sectoarele, de la energie la agricultur\u0103, de la tehnologii financiare la s\u0103n\u0103tate, \u0219i toate domeniile aferente.<\/h2>\t\t\t\t<\/div>\n\t\t\t\t<\/div>\n\t\t\t\t<div class=\"elementor-element elementor-element-6e3ec3b0 elementor-widget elementor-widget-text-editor\" data-id=\"6e3ec3b0\" data-element_type=\"widget\" data-e-type=\"widget\" data-widget_type=\"text-editor.default\">\n\t\t\t\t<div class=\"elementor-widget-container\">\n\t\t\t\t\t\t\t\t\t<p><span data-sheets-value=\"{&quot;1&quot;:2,&quot;2&quot;:&quot;Transformarea economic\u0103 remarcabil\u0103 a Israelului din ultimii 30 de ani este un exemplu al modului \u00een care o industrie hi-tech \u00eenfloritoare poate avea rolul de motor economic, consolid\u00e2nd \u0219i gener\u00e2nd cre\u0219terea. Valorific\u00e2nd zeci de ani de activitate \u00een acest ecosistem, IdealityRoads a adaptat cu succes politicile \u0219i procesele care au stat la baza cre\u0219terii Israelului pentru crearea de ini\u021biative inovatoare public-private de succes la nivel mondial.&quot;}\" data-sheets-userformat=\"{&quot;2&quot;:14595,&quot;3&quot;:{&quot;1&quot;:0,&quot;3&quot;:1},&quot;4&quot;:{&quot;1&quot;:2,&quot;2&quot;:16773836},&quot;11&quot;:4,&quot;14&quot;:[null,2,12582912],&quot;15&quot;:&quot;Calibri&quot;,&quot;16&quot;:11}\">Transformarea economic\u0103 remarcabil\u0103 a Israelului din ultimii 30 de ani este un exemplu al modului \u00een care o industrie hi-tech \u00eenfloritoare poate avea rolul de motor economic, consolid\u00e2nd \u0219i gener\u00e2nd cre\u0219terea. Valorific\u00e2nd zeci de ani de activitate \u00een acest ecosistem, IdealityRoads a adaptat cu succes politicile \u0219i procesele care au stat la baza cre\u0219terii Israelului pentru crearea de ini\u021biative inovatoare public-private de succes la nivel mondial.<\/span><\/p><p>\u00a0<\/p><p><style type=\"text\/css\"><!--td {border: 1px solid #ccc;}br {mso-data-placement:same-cell;}--><\/style><span data-sheets-value=\"{&quot;1&quot;:2,&quot;2&quot;:&quot;Prin implementarea unor instrumente sofisticate de politici, cum sunt parteneriatele inovatoare public-private, \u0219i gra\u021bie mentoratului oferit personalului cheie pentru a asigura o implementare corespunz\u0103toare, IdealityRoads este capabil\u0103 s\u0103 ofere asisten\u021b\u0103 guvernelor \u00een crearea de ini\u021biative inovatoare care s\u0103 genereze investi\u021bii \u0219i s\u0103 sporeasc\u0103 dinamismul economiei.&quot;}\" data-sheets-userformat=\"{&quot;2&quot;:14595,&quot;3&quot;:{&quot;1&quot;:0,&quot;3&quot;:1},&quot;4&quot;:{&quot;1&quot;:2,&quot;2&quot;:16773836},&quot;11&quot;:4,&quot;14&quot;:[null,2,12582912],&quot;15&quot;:&quot;Calibri&quot;,&quot;16&quot;:11}\">Prin implementarea unor instrumente sofisticate de politici, cum sunt parteneriatele inovatoare public-private, \u0219i gra\u021bie mentoratului oferit personalului cheie pentru a asigura o implementare corespunz\u0103toare, IdealityRoads este capabil\u0103 s\u0103 ofere asisten\u021b\u0103 guvernelor \u00een crearea de ini\u021biative inovatoare care s\u0103 genereze investi\u021bii \u0219i s\u0103 sporeasc\u0103 dinamismul economiei.<\/span><\/p><p>\u00a0<\/p><p><span data-sheets-value=\"{&quot;1&quot;:2,&quot;2&quot;:&quot;\u00cen afar\u0103 de cooperarea str\u00e2ns\u0103 cu guvernele, IdealityRoads se implic\u0103 \u00een numele acestora \u00een ecosistemul extins \u0219i creeaz\u0103 leg\u0103turi \u00eentre industrie, antreprenorii priva\u021bi, mediul academic \u0219i al\u021bi actori, cu scopul de a maximiza impactul politicilor. &quot;}\" data-sheets-userformat=\"{&quot;2&quot;:14595,&quot;3&quot;:{&quot;1&quot;:0,&quot;3&quot;:1},&quot;4&quot;:{&quot;1&quot;:2,&quot;2&quot;:16773836},&quot;11&quot;:4,&quot;14&quot;:[null,2,12582912],&quot;15&quot;:&quot;Calibri&quot;,&quot;16&quot;:11}\">\u00cen afar\u0103 de cooperarea str\u00e2ns\u0103 cu guvernele, IdealityRoads se implic\u0103 \u00een numele acestora \u00een ecosistemul extins \u0219i creeaz\u0103 leg\u0103turi \u00eentre industrie, antreprenorii priva\u021bi, mediul academic \u0219i al\u021bi actori, cu scopul de a maximiza impactul politicilor. <\/span><\/p>\t\t\t\t\t\t\t\t<\/div>\n\t\t\t\t<\/div>\n\t\t\t\t\t<\/div>\n\t\t<\/div>\n\t\t\t\t\t<\/div>\n\t\t<\/section>\n\t\t\t\t<section class=\"elementor-section elementor-top-section elementor-element elementor-element-64011df elementor-section-content-middle elementor-section-boxed elementor-section-height-default elementor-section-height-default\" data-id=\"64011df\" data-element_type=\"section\" data-e-type=\"section\">\n\t\t\t\t\t\t<div class=\"elementor-container elementor-column-gap-no\">\n\t\t\t\t\t<div class=\"elementor-column elementor-col-100 elementor-top-column elementor-element elementor-element-2980e63a\" data-id=\"2980e63a\" data-element_type=\"column\" data-e-type=\"column\">\n\t\t\t<div class=\"elementor-widget-wrap elementor-element-populated\">\n\t\t\t\t\t\t<div class=\"elementor-element elementor-element-40298841 elementor-widget elementor-widget-heading\" data-id=\"40298841\" data-element_type=\"widget\" data-e-type=\"widget\" data-widget_type=\"heading.default\">\n\t\t\t\t<div class=\"elementor-widget-container\">\n\t\t\t\t\t<h3 class=\"elementor-heading-title elementor-size-default\">Facilitarea ini\u021biativelor inovatoare<\/h3>\t\t\t\t<\/div>\n\t\t\t\t<\/div>\n\t\t\t\t<div class=\"elementor-element elementor-element-18bdcba8 elementor-widget elementor-widget-heading\" data-id=\"18bdcba8\" data-element_type=\"widget\" data-e-type=\"widget\" data-widget_type=\"heading.default\">\n\t\t\t\t<div class=\"elementor-widget-container\">\n\t\t\t\t\t<h3 class=\"elementor-heading-title elementor-size-default\">Iat\u0103 pa\u0219ii pe care IdealityRoads \u00eei \u00eentreprinde pentru a sus\u021bine crearea unui Ecosistem Inovator. <\/h3>\t\t\t\t<\/div>\n\t\t\t\t<\/div>\n\t\t\t\t<section class=\"elementor-section elementor-inner-section elementor-element elementor-element-60638d5c elementor-section-boxed elementor-section-height-default elementor-section-height-default\" data-id=\"60638d5c\" data-element_type=\"section\" data-e-type=\"section\">\n\t\t\t\t\t\t<div class=\"elementor-container elementor-column-gap-wider\">\n\t\t\t\t\t<div class=\"elementor-column elementor-col-25 elementor-inner-column elementor-element elementor-element-2661090e\" data-id=\"2661090e\" data-element_type=\"column\" data-e-type=\"column\">\n\t\t\t<div class=\"elementor-widget-wrap elementor-element-populated\">\n\t\t\t\t\t\t<div class=\"elementor-element elementor-element-2e7bca00 elementor-absolute elementor-hidden-phone elementor-widget elementor-widget-image\" data-id=\"2e7bca00\" data-element_type=\"widget\" data-e-type=\"widget\" data-settings=\"{&quot;_position&quot;:&quot;absolute&quot;}\" data-widget_type=\"image.default\">\n\t\t\t\t<div class=\"elementor-widget-container\">\n\t\t\t\t\t\t\t\t\t\t\t\t\t\t\t<img decoding=\"async\" width=\"57\" height=\"119\" src=\"https:\/\/idealityroads.com\/wp-content\/uploads\/2019\/03\/Group-2.png\" class=\"attachment-large size-large wp-image-4464\" alt=\"\" \/>\t\t\t\t\t\t\t\t\t\t\t\t\t\t\t<\/div>\n\t\t\t\t<\/div>\n\t\t\t\t<div class=\"elementor-element elementor-element-29f08935 elementor-absolute elementor-hidden-phone elementor-widget elementor-widget-image\" data-id=\"29f08935\" data-element_type=\"widget\" data-e-type=\"widget\" data-settings=\"{&quot;_position&quot;:&quot;absolute&quot;}\" data-widget_type=\"image.default\">\n\t\t\t\t<div class=\"elementor-widget-container\">\n\t\t\t\t\t\t\t\t\t\t\t\t\t\t\t<img decoding=\"async\" width=\"57\" height=\"119\" src=\"https:\/\/idealityroads.com\/wp-content\/uploads\/2019\/03\/Group-3.png\" class=\"attachment-large size-large wp-image-4463\" alt=\"\" \/>\t\t\t\t\t\t\t\t\t\t\t\t\t\t\t<\/div>\n\t\t\t\t<\/div>\n\t\t\t\t<div class=\"elementor-element elementor-element-151e9a6a elementor-absolute elementor-widget elementor-widget-image\" data-id=\"151e9a6a\" data-element_type=\"widget\" data-e-type=\"widget\" data-settings=\"{&quot;_position&quot;:&quot;absolute&quot;}\" data-widget_type=\"image.default\">\n\t\t\t\t<div class=\"elementor-widget-container\">\n\t\t\t\t\t\t\t\t\t\t\t\t\t\t\t<img decoding=\"async\" width=\"57\" height=\"119\" src=\"https:\/\/idealityroads.com\/wp-content\/uploads\/2019\/03\/Group-4.png\" class=\"attachment-large size-large wp-image-4462\" alt=\"\" \/>\t\t\t\t\t\t\t\t\t\t\t\t\t\t\t<\/div>\n\t\t\t\t<\/div>\n\t\t\t\t<div class=\"elementor-element elementor-element-1a10bc8f elementor-absolute elementor-widget elementor-widget-image\" data-id=\"1a10bc8f\" data-element_type=\"widget\" data-e-type=\"widget\" data-settings=\"{&quot;_position&quot;:&quot;absolute&quot;}\" data-widget_type=\"image.default\">\n\t\t\t\t<div class=\"elementor-widget-container\">\n\t\t\t\t\t\t\t\t\t\t\t\t\t\t\t<img loading=\"lazy\" decoding=\"async\" width=\"57\" height=\"119\" src=\"https:\/\/idealityroads.com\/wp-content\/uploads\/2019\/03\/Group-5.png\" class=\"attachment-large size-large wp-image-4461\" alt=\"\" \/>\t\t\t\t\t\t\t\t\t\t\t\t\t\t\t<\/div>\n\t\t\t\t<\/div>\n\t\t\t\t<div class=\"elementor-element elementor-element-3154ba4b elementor-view-stacked elementor-shape-circle elementor-position-block-start elementor-mobile-position-block-start elementor-widget elementor-widget-icon-box\" data-id=\"3154ba4b\" data-element_type=\"widget\" data-e-type=\"widget\" data-widget_type=\"icon-box.default\">\n\t\t\t\t<div class=\"elementor-widget-container\">\n\t\t\t\t\t\t\t<div class=\"elementor-icon-box-wrapper\">\n\n\t\t\t\t\t\t<div class=\"elementor-icon-box-icon\">\n\t\t\t\t<span  class=\"elementor-icon elementor-animation-grow\">\n\t\t\t\t\t\t\t\t<\/span>\n\t\t\t<\/div>\n\t\t\t\n\t\t\t\t\t\t<div class=\"elementor-icon-box-content\">\n\n\t\t\t\t\t\t\t\t\t<h3 class=\"elementor-icon-box-title\">\n\t\t\t\t\t\t<span  >\n\t\t\t\t\t\t\tAnaliz\u0103 \u0219i conturarea politicii\t\t\t\t\t\t<\/span>\n\t\t\t\t\t<\/h3>\n\t\t\t\t\n\t\t\t\t\t\t\t\t\t<p class=\"elementor-icon-box-description\">\n\t\t\t\t\t\t<i class=\"fa fa-angle-double-right\"><\/i> Analiza resurselor disponibile \u0219i a partenerilor din diverse sectoare\n<br><br><i class=\"fa fa-angle-double-right\"><\/i> Dezvoltarea unei strategii inovatoare generale\n<br><br><i class=\"fa fa-angle-double-right\"><\/i> Trasarea unei ini\u021biative concrete, inclusiv bugete, promovare \u0219i cre\u0219terea gradului de con\u0219tientizare\t\t\t\t\t<\/p>\n\t\t\t\t\n\t\t\t<\/div>\n\t\t\t\n\t\t<\/div>\n\t\t\t\t\t\t<\/div>\n\t\t\t\t<\/div>\n\t\t\t\t\t<\/div>\n\t\t<\/div>\n\t\t\t\t<div class=\"elementor-column elementor-col-25 elementor-inner-column elementor-element elementor-element-3fb4bc16\" data-id=\"3fb4bc16\" data-element_type=\"column\" data-e-type=\"column\">\n\t\t\t<div class=\"elementor-widget-wrap elementor-element-populated\">\n\t\t\t\t\t\t<div class=\"elementor-element elementor-element-4a36d52f elementor-view-stacked elementor-shape-circle elementor-position-block-start elementor-mobile-position-block-start elementor-widget elementor-widget-icon-box\" data-id=\"4a36d52f\" data-element_type=\"widget\" data-e-type=\"widget\" data-widget_type=\"icon-box.default\">\n\t\t\t\t<div class=\"elementor-widget-container\">\n\t\t\t\t\t\t\t<div class=\"elementor-icon-box-wrapper\">\n\n\t\t\t\t\t\t<div class=\"elementor-icon-box-icon\">\n\t\t\t\t<span  class=\"elementor-icon elementor-animation-grow\">\n\t\t\t\t\t\t\t\t<\/span>\n\t\t\t<\/div>\n\t\t\t\n\t\t\t\t\t\t<div class=\"elementor-icon-box-content\">\n\n\t\t\t\t\t\t\t\t\t<h3 class=\"elementor-icon-box-title\">\n\t\t\t\t\t\t<span  >\n\t\t\t\t\t\t\tCrearea cadrului de administrare\t\t\t\t\t\t<\/span>\n\t\t\t\t\t<\/h3>\n\t\t\t\t\n\t\t\t\t\t\t\t\t\t<p class=\"elementor-icon-box-description\">\n\t\t\t\t\t\t<i class=\"fa fa-angle-double-right\"><\/i> Identificarea organismului guvernamental responsabil de supraveghere\n<br><br><i class=\"fa fa-angle-double-right\"><\/i> Mentoratul personalului \u00een materie de bune practici pentru administrarea ini\u021biativelor inovatoare PPP \u00een sectorul public\n<br><br><i class=\"fa fa-angle-double-right\"><\/i> Dezvoltarea liniilor directoare ale programului opera\u021bional\t\t\t\t\t<\/p>\n\t\t\t\t\n\t\t\t<\/div>\n\t\t\t\n\t\t<\/div>\n\t\t\t\t\t\t<\/div>\n\t\t\t\t<\/div>\n\t\t\t\t\t<\/div>\n\t\t<\/div>\n\t\t\t\t<div class=\"elementor-column elementor-col-25 elementor-inner-column elementor-element elementor-element-3566d83e\" data-id=\"3566d83e\" data-element_type=\"column\" data-e-type=\"column\">\n\t\t\t<div class=\"elementor-widget-wrap elementor-element-populated\">\n\t\t\t\t\t\t<div class=\"elementor-element elementor-element-7c7f68bc elementor-view-stacked elementor-shape-circle elementor-position-block-start elementor-mobile-position-block-start elementor-widget elementor-widget-icon-box\" data-id=\"7c7f68bc\" data-element_type=\"widget\" data-e-type=\"widget\" data-widget_type=\"icon-box.default\">\n\t\t\t\t<div class=\"elementor-widget-container\">\n\t\t\t\t\t\t\t<div class=\"elementor-icon-box-wrapper\">\n\n\t\t\t\t\t\t<div class=\"elementor-icon-box-icon\">\n\t\t\t\t<span  class=\"elementor-icon elementor-animation-grow\">\n\t\t\t\t\t\t\t\t<\/span>\n\t\t\t<\/div>\n\t\t\t\n\t\t\t\t\t\t<div class=\"elementor-icon-box-content\">\n\n\t\t\t\t\t\t\t\t\t<h3 class=\"elementor-icon-box-title\">\n\t\t\t\t\t\t<span  >\n\t\t\t\t\t\t\tImplementarea programului\t\t\t\t\t\t<\/span>\n\t\t\t\t\t<\/h3>\n\t\t\t\t\n\t\t\t\t\t\t\t\t\t<p class=\"elementor-icon-box-description\">\n\t\t\t\t\t\t<i class=\"fa fa-angle-double-right\"><\/i> Redactarea caietelor de sarcini, inclusiv a invita\u021biilor de manifestare a interesului, a cererilor de ofert\u0103 etc.\n<br><br><i class=\"fa fa-angle-double-right\"><\/i>Implementarea Metodologiei de Licitare Dinamice la nivel Na\u021bional a IdealityRoads \u00een procesul Cererilor de ofert\u0103, pentru sporirea calit\u0103\u021bii cererilor de participare la licita\u021bii.\n<br><br><i class=\"fa fa-angle-double-right\"><\/i> Instruire, mentorat \u0219i asisten\u021b\u0103 pe parcurs\t\t\t\t\t<\/p>\n\t\t\t\t\n\t\t\t<\/div>\n\t\t\t\n\t\t<\/div>\n\t\t\t\t\t\t<\/div>\n\t\t\t\t<\/div>\n\t\t\t\t\t<\/div>\n\t\t<\/div>\n\t\t\t\t<div class=\"elementor-column elementor-col-25 elementor-inner-column elementor-element elementor-element-5a9a7be1\" data-id=\"5a9a7be1\" data-element_type=\"column\" data-e-type=\"column\">\n\t\t\t<div class=\"elementor-widget-wrap elementor-element-populated\">\n\t\t\t\t\t\t<div class=\"elementor-element elementor-element-7ec9c182 elementor-view-stacked elementor-shape-circle elementor-position-block-start elementor-mobile-position-block-start elementor-widget elementor-widget-icon-box\" data-id=\"7ec9c182\" data-element_type=\"widget\" data-e-type=\"widget\" data-widget_type=\"icon-box.default\">\n\t\t\t\t<div class=\"elementor-widget-container\">\n\t\t\t\t\t\t\t<div class=\"elementor-icon-box-wrapper\">\n\n\t\t\t\t\t\t<div class=\"elementor-icon-box-icon\">\n\t\t\t\t<span  class=\"elementor-icon elementor-animation-grow\">\n\t\t\t\t\t\t\t\t<\/span>\n\t\t\t<\/div>\n\t\t\t\n\t\t\t\t\t\t<div class=\"elementor-icon-box-content\">\n\n\t\t\t\t\t\t\t\t\t<h3 class=\"elementor-icon-box-title\">\n\t\t\t\t\t\t<span  >\n\t\t\t\t\t\t\tAdministrare pe parcurs \t\t\t\t\t\t<\/span>\n\t\t\t\t\t<\/h3>\n\t\t\t\t\n\t\t\t\t\t\t\t\t\t<p class=\"elementor-icon-box-description\">\n\t\t\t\t\t\t<i class=\"fa fa-angle-double-right\"><\/i> Cre\u0219terea con\u0219tientiz\u0103rii privind ini\u021biativa \u00een cadrul ecosistemului\n<br><br><i class=\"fa fa-angle-double-right\"><\/i> Implicarea \u0219i instruirea partenerilor din sectorul privat\/franciza\u021bilor \u00een numele guvernului\n<br><br><i class=\"fa fa-angle-double-right\"><\/i> Dezvoltarea \u0219i monitorizarea indicatorilor principali de performan\u021b\u0103 pentru urm\u0103rirea progresului\n<br><br><i class=\"fa fa-angle-double-right\"><\/i> Analiza eficacit\u0103\u021bii ini\u021biativei, pentru adaptarea \u0219i \u00eembun\u0103t\u0103\u021birea continu\u0103 a procesului \u0219i rezultatelor\t\t\t\t\t<\/p>\n\t\t\t\t\n\t\t\t<\/div>\n\t\t\t\n\t\t<\/div>\n\t\t\t\t\t\t<\/div>\n\t\t\t\t<\/div>\n\t\t\t\t\t<\/div>\n\t\t<\/div>\n\t\t\t\t\t<\/div>\n\t\t<\/section>\n\t\t\t\t\t<\/div>\n\t\t<\/div>\n\t\t\t\t\t<\/div>\n\t\t<\/section>\n\t\t\t\t<\/div>\n\t\t","protected":false},"excerpt":{"rendered":"<p>Cre\u0219tere economic\u0103 prin inovare \u00cen colaborarea noastr\u0103 cu guverne din \u00eentreaga lume, valorific\u0103m cunoa\u0219terea aprofundat\u0103 a filozofiei, abord\u0103rii \u0219i proceselor de baz\u0103 ce trebuie implementate pentru a crea ecosisteme inovatoare specifice fiec\u0103rei \u021b\u0103ri, propice inova\u021biilor de tot felul. Aceste ecosisteme sunt aplicabile \u00een toate sectoarele,&#8230;<\/p>\n","protected":false},"author":5,"featured_media":5027,"parent":0,"menu_order":0,"comment_status":"closed","ping_status":"closed","template":"elementor_header_footer","meta":{"_acf_changed":false,"footnotes":""},"class_list":["post-4136","page","type-page","status-publish","has-post-thumbnail","hentry"],"acf":[],"_links":{"self":[{"href":"https:\/\/idealityroads.com\/index.php?rest_route=\/wp\/v2\/pages\/4136","targetHints":{"allow":["GET"]}}],"collection":[{"href":"https:\/\/idealityroads.com\/index.php?rest_route=\/wp\/v2\/pages"}],"about":[{"href":"https:\/\/idealityroads.com\/index.php?rest_route=\/wp\/v2\/types\/page"}],"author":[{"embeddable":true,"href":"https:\/\/idealityroads.com\/index.php?rest_route=\/wp\/v2\/users\/5"}],"replies":[{"embeddable":true,"href":"https:\/\/idealityroads.com\/index.php?rest_route=%2Fwp%2Fv2%2Fcomments&post=4136"}],"version-history":[{"count":0,"href":"https:\/\/idealityroads.com\/index.php?rest_route=\/wp\/v2\/pages\/4136\/revisions"}],"wp:featuredmedia":[{"embeddable":true,"href":"https:\/\/idealityroads.com\/index.php?rest_route=\/wp\/v2\/media\/5027"}],"wp:attachment":[{"href":"https:\/\/idealityroads.com\/index.php?rest_route=%2Fwp%2Fv2%2Fmedia&parent=4136"}],"curies":[{"name":"wp","href":"https:\/\/api.w.org\/{rel}","templated":true}]}}